{"id":8652,"date":"2025-08-12T08:34:41","date_gmt":"2025-08-12T07:34:41","guid":{"rendered":"https:\/\/bpont.hu\/shop\/?page_id=8652"},"modified":"2025-08-18T11:37:14","modified_gmt":"2025-08-18T10:37:14","slug":"tuzjelzorendszer","status":"publish","type":"page","link":"https:\/\/bpont.hu\/shop\/index.php\/tuzjelzo\/tuzjelzorendszer\/","title":{"rendered":"T\u0171zjelz\u0151rendszer"},"content":{"rendered":"\t\t<div data-elementor-type=\"wp-page\" data-elementor-id=\"8652\" class=\"elementor elementor-8652\">\n\t\t\t\t<div class=\"elementor-element elementor-element-5ee5d55 e-flex e-con-boxed e-con e-parent\" data-id=\"5ee5d55\" data-element_type=\"container\" data-e-type=\"container\">\n\t\t\t\t\t<div class=\"e-con-inner\">\n\t\t\t\t\t<\/div>\n\t\t\t\t<\/div>\n\t\t<div class=\"elementor-element elementor-element-f2d44cf e-flex e-con-boxed e-con e-parent\" data-id=\"f2d44cf\" data-element_type=\"container\" data-e-type=\"container\">\n\t\t\t\t\t<div class=\"e-con-inner\">\n\t\t<div class=\"elementor-element elementor-element-b4acb60 e-con-full e-flex e-con e-child\" data-id=\"b4acb60\" data-element_type=\"container\" data-e-type=\"container\">\n\t\t\t\t<div class=\"elementor-element elementor-element-0fdbeea elementor-widget elementor-widget-image\" data-id=\"0fdbeea\" data-element_type=\"widget\" data-e-type=\"widget\" data-widget_type=\"image.default\">\n\t\t\t\t<div class=\"elementor-widget-container\">\n\t\t\t\t\t\t\t\t\t\t\t\t\t\t\t<img fetchpriority=\"high\" decoding=\"async\" width=\"780\" height=\"563\" src=\"https:\/\/bpont.hu\/shop\/wp-content\/uploads\/2025\/08\/tuzjelzorendszer.png\" class=\"attachment-large size-large wp-image-8654\" alt=\"\" srcset=\"https:\/\/bpont.hu\/shop\/wp-content\/uploads\/2025\/08\/tuzjelzorendszer.png 780w, https:\/\/bpont.hu\/shop\/wp-content\/uploads\/2025\/08\/tuzjelzorendszer-300x217.png 300w, https:\/\/bpont.hu\/shop\/wp-content\/uploads\/2025\/08\/tuzjelzorendszer-768x554.png 768w, https:\/\/bpont.hu\/shop\/wp-content\/uploads\/2025\/08\/tuzjelzorendszer-600x433.png 600w\" sizes=\"(max-width: 780px) 100vw, 780px\" \/>\t\t\t\t\t\t\t\t\t\t\t\t\t\t\t<\/div>\n\t\t\t\t<\/div>\n\t\t\t\t<\/div>\n\t\t<div class=\"elementor-element elementor-element-4678adc e-con-full e-flex e-con e-child\" data-id=\"4678adc\" data-element_type=\"container\" data-e-type=\"container\">\n\t\t\t\t<div class=\"elementor-element elementor-element-2896c0f elementor-widget elementor-widget-text-editor\" data-id=\"2896c0f\" data-element_type=\"widget\" data-e-type=\"widget\" data-widget_type=\"text-editor.default\">\n\t\t\t\t<div class=\"elementor-widget-container\">\n\t\t\t\t\t\t\t\t\t<p><strong>\u00c1ttekint\u00e9s a Bosch t\u0171zv\u00e9delmi rendszereir\u0151l<\/strong><\/p><p>A Bosch k\u00edn\u00e1lat\u00e1ban a teljes t\u0171zv\u00e9delmi folyamat lefedhet\u0151: a rendszertervez\u00e9st seg\u00edt\u0151 <strong>Safety Systems Designer<\/strong> szoftvert\u0151l kezdve a megb\u00edzhat\u00f3, hossz\u00fa t\u00e1vra tervezett k\u00f6zponti panelekig \u00e9s \u00e9rz\u00e9kel\u0151kig. Ezen k\u00edv\u00fcl lehet\u0151s\u00e9g van a rendszerek t\u00e1voli konfigur\u00e1l\u00e1s\u00e1ra \u00e9s karbantart\u00e1s\u00e1ra is, amellyel folyamatos biztons\u00e1g \u00e9s hat\u00e9konys\u00e1g \u00e9rhet\u0151 el.<\/p>\t\t\t\t\t\t\t\t<\/div>\n\t\t\t\t<\/div>\n\t\t\t\t<div class=\"elementor-element elementor-element-8a23bd6 elementor-widget elementor-widget-text-editor\" data-id=\"8a23bd6\" data-element_type=\"widget\" data-e-type=\"widget\" data-widget_type=\"text-editor.default\">\n\t\t\t\t<div class=\"elementor-widget-container\">\n\t\t\t\t\t\t\t\t\t<p><strong>T\u0171zjelz\u0151 rendszerek \u2013 f\u0151bb szempontok<\/strong><\/p><p>A Bosch t\u0171z\u00e9rz\u00e9kel\u0151 rendszerei gyors, pontos jelz\u00e9seket biztos\u00edtanak, mik\u00f6zben minim\u00e1lisra cs\u00f6kkentik a t\u00e9ves riaszt\u00e1sok es\u00e9ly\u00e9t. Modul\u00e1ris fel\u00e9p\u00edt\u00e9s\u00fck r\u00e9v\u00e9n k\u00f6nnyed\u00e9n alkalmazkodnak a v\u00e1ltoz\u00f3 k\u00f6rnyezethez \u00e9s technikai ig\u00e9nyekhez.<\/p><p><strong>F\u0151bb t\u00e9nyez\u0151k egy t\u0171zjelz\u0151 rendszer kiv\u00e1laszt\u00e1s\u00e1n\u00e1l:<\/strong><\/p><ul><li><strong>Megb\u00edzhat\u00f3s\u00e1g \u00e9s gyors reag\u00e1l\u00e1s:<\/strong> Min\u00e9l hamarabb \u00e9szleli a rendszer a t\u00fczet, ann\u00e1l kisebb a k\u00e1r.<\/li><li><strong>T\u00e9ves riaszt\u00e1sok minimaliz\u00e1l\u00e1sa:<\/strong> A felesleges ki\u00fcr\u00edt\u00e9sek, m\u0171k\u00f6d\u00e9smegszak\u00edt\u00e1sok \u00e9s a riaszt\u00e1sok ir\u00e1nti \u00e9rz\u00e9ketlens\u00e9g jelent\u0151s \u00fczleti \u00e9s biztons\u00e1gi kock\u00e1zatot jelent.<\/li><li><strong>Rugalmass\u00e1g \u00e9s technol\u00f3giai friss\u00edthet\u0151s\u00e9g:<\/strong> A rendszer b\u0151v\u00edthet\u0151s\u00e9ge kulcsfontoss\u00e1g\u00fa a hossz\u00fa t\u00e1v\u00fa m\u0171k\u00f6d\u00e9shez.<\/li><\/ul>\t\t\t\t\t\t\t\t<\/div>\n\t\t\t\t<\/div>\n\t\t\t\t<\/div>\n\t\t\t\t\t<\/div>\n\t\t\t\t<\/div>\n\t\t<div class=\"elementor-element elementor-element-3e90966 e-flex e-con-boxed e-con e-parent\" data-id=\"3e90966\" data-element_type=\"container\" data-e-type=\"container\">\n\t\t\t\t\t<div class=\"e-con-inner\">\n\t\t<div class=\"elementor-element elementor-element-7d94da5 e-con-full e-flex e-con e-child\" data-id=\"7d94da5\" data-element_type=\"container\" data-e-type=\"container\">\n\t\t\t\t<div class=\"elementor-element elementor-element-6fa1022 elementor-widget elementor-widget-text-editor\" data-id=\"6fa1022\" data-element_type=\"widget\" data-e-type=\"widget\" data-widget_type=\"text-editor.default\">\n\t\t\t\t<div class=\"elementor-widget-container\">\n\t\t\t\t\t\t\t\t\t<p><strong>Technol\u00f3giai megb\u00edzhat\u00f3s\u00e1g a Bosch-n\u00e1l<\/strong><\/p><p>A Bosch innovat\u00edv technol\u00f3gi\u00e1kat \u2013 p\u00e9ld\u00e1ul mesters\u00e9ges intelligenci\u00e1t \u00e9s intelligens szenzorokat \u2013 alkalmaz annak \u00e9rdek\u00e9ben, hogy pontos \u00e9s gyors t\u0171z\u00e9rz\u00e9kel\u00e9st biztos\u00edtson, mik\u00f6zben minim\u00e1lisra cs\u00f6kkenti a t\u00e9ves riaszt\u00e1sokat.<\/p><p><strong>F\u0151 el\u0151ny\u00f6k:<\/strong><\/p><ul><li>\u00c9letek \u00e9s vagyont\u00e1rgyak v\u00e9delme<\/li><li>Az \u00fczletmenet megszak\u00edt\u00e1s\u00e1nak elker\u00fcl\u00e9se<\/li><\/ul>\t\t\t\t\t\t\t\t<\/div>\n\t\t\t\t<\/div>\n\t\t\t\t<\/div>\n\t\t<div class=\"elementor-element elementor-element-6cc3300 e-con-full e-flex e-con e-child\" data-id=\"6cc3300\" data-element_type=\"container\" data-e-type=\"container\">\n\t\t\t\t<div class=\"elementor-element elementor-element-818f316 elementor-widget elementor-widget-text-editor\" data-id=\"818f316\" data-element_type=\"widget\" data-e-type=\"widget\" data-widget_type=\"text-editor.default\">\n\t\t\t\t<div class=\"elementor-widget-container\">\n\t\t\t\t\t\t\t\t\t<p><strong>Sk\u00e1l\u00e1zhat\u00f3s\u00e1g \u00e9s j\u00f6v\u0151biztoss\u00e1g<\/strong><\/p><p>A Bosch rendszerei teljes m\u00e9rt\u00e9kben modul\u00e1risak \u00e9s testreszabhat\u00f3k. A k\u00f6zponti panelek \u00e9s egy\u00e9b rendszerkomponensek lefel\u00e9 \u00e9s felfel\u00e9 is kompatibilisek, \u00edgy a megl\u00e9v\u0151 rendszerek k\u00f6nnyen b\u0151v\u00edthet\u0151k vagy friss\u00edthet\u0151k.<\/p><p><strong>F\u0151 el\u0151ny\u00f6k:<\/strong><\/p><ul><li>A megl\u00e9v\u0151 beruh\u00e1z\u00e1sok hossz\u00fa t\u00e1von meg\u0151rizhet\u0151k<\/li><li>Az \u00faj technol\u00f3gi\u00e1k k\u00f6nnyed\u00e9n integr\u00e1lhat\u00f3k<\/li><\/ul>\t\t\t\t\t\t\t\t<\/div>\n\t\t\t\t<\/div>\n\t\t\t\t<\/div>\n\t\t<div class=\"elementor-element elementor-element-cafaa7c e-con-full e-flex e-con e-child\" data-id=\"cafaa7c\" data-element_type=\"container\" data-e-type=\"container\">\n\t\t\t\t<div class=\"elementor-element elementor-element-0ebe4c0 elementor-widget elementor-widget-text-editor\" data-id=\"0ebe4c0\" data-element_type=\"widget\" data-e-type=\"widget\" data-widget_type=\"text-editor.default\">\n\t\t\t\t<div class=\"elementor-widget-container\">\n\t\t\t\t\t\t\t\t\t<p><strong>T\u00e1mogat\u00f3 szolg\u00e1ltat\u00e1sok a hat\u00e9konys\u00e1g \u00e9rdek\u00e9ben<\/strong><\/p><p>A Bosch t\u00f6bbf\u00e9le szolg\u00e1ltat\u00e1ssal t\u00e1mogatja a rendszerek m\u0171k\u00f6dtet\u00e9s\u00e9t \u00e9s karbantart\u00e1s\u00e1t:<\/p><ul><li><strong>Tervez\u00e9st t\u00e1mogat\u00f3 eszk\u00f6z\u00f6k<\/strong>: p\u00e9ld\u00e1ul automatikus ellen\u0151rz\u00e9ssel ell\u00e1tott rendszertervez\u0151<\/li><li><strong>Szakmai k\u00e9pz\u00e9sek \u00e9s t\u00f6bb szint\u0171 m\u0171szaki t\u00e1mogat\u00e1s<\/strong><\/li><li><strong>T\u00e1voli rendszerkezel\u00e9s<\/strong>: p\u00e9ld\u00e1ul el\u0151zetes adatelemz\u00e9s helysz\u00edni l\u00e1togat\u00e1s el\u0151tt, automatikus karbantart\u00e1si riportok gener\u00e1l\u00e1sa, b\u0151v\u00edtett \u00fcgyf\u00e9lszolg\u00e1ltat\u00e1sok<\/li><\/ul><p><strong>F\u0151 el\u0151ny\u00f6k:<\/strong><\/p><ul><li>Hat\u00e9konys\u00e1gn\u00f6vel\u00e9s \u00e9s k\u00f6lts\u00e9gcs\u00f6kkent\u00e9s<\/li><li>Versenyk\u00e9pes szolg\u00e1ltat\u00e1si szint<\/li><\/ul>\t\t\t\t\t\t\t\t<\/div>\n\t\t\t\t<\/div>\n\t\t\t\t<\/div>\n\t\t\t\t\t<\/div>\n\t\t\t\t<\/div>\n\t\t<div class=\"elementor-element elementor-element-fc07ead e-con-full e-flex e-con e-parent\" data-id=\"fc07ead\" data-element_type=\"container\" data-e-type=\"container\">\n\t\t\t\t<div class=\"elementor-element elementor-element-67b0342 elementor-widget elementor-widget-image\" data-id=\"67b0342\" data-element_type=\"widget\" data-e-type=\"widget\" data-widget_type=\"image.default\">\n\t\t\t\t<div class=\"elementor-widget-container\">\n\t\t\t\t\t\t\t\t\t\t\t\t\t\t\t<img decoding=\"async\" width=\"1024\" height=\"617\" src=\"https:\/\/bpont.hu\/shop\/wp-content\/uploads\/2025\/08\/attekintes-1024x617.png\" class=\"attachment-large size-large wp-image-8663\" alt=\"\" srcset=\"https:\/\/bpont.hu\/shop\/wp-content\/uploads\/2025\/08\/attekintes-1024x617.png 1024w, https:\/\/bpont.hu\/shop\/wp-content\/uploads\/2025\/08\/attekintes-300x181.png 300w, https:\/\/bpont.hu\/shop\/wp-content\/uploads\/2025\/08\/attekintes-768x463.png 768w, https:\/\/bpont.hu\/shop\/wp-content\/uploads\/2025\/08\/attekintes-600x362.png 600w, https:\/\/bpont.hu\/shop\/wp-content\/uploads\/2025\/08\/attekintes.png 1399w\" sizes=\"(max-width: 1024px) 100vw, 1024px\" \/>\t\t\t\t\t\t\t\t\t\t\t\t\t\t\t<\/div>\n\t\t\t\t<\/div>\n\t\t\t\t<\/div>\n\t\t<div class=\"elementor-element elementor-element-b06ff65 e-flex e-con-boxed e-con e-parent\" data-id=\"b06ff65\" data-element_type=\"container\" data-e-type=\"container\">\n\t\t\t\t\t<div class=\"e-con-inner\">\n\t\t<div class=\"elementor-element elementor-element-cf7297b e-con-full e-flex e-con e-child\" data-id=\"cf7297b\" data-element_type=\"container\" data-e-type=\"container\">\n\t\t\t\t<div class=\"elementor-element elementor-element-abe3084 elementor-widget elementor-widget-n-accordion\" data-id=\"abe3084\" data-element_type=\"widget\" data-e-type=\"widget\" data-settings=\"{&quot;default_state&quot;:&quot;all_collapsed&quot;,&quot;max_items_expended&quot;:&quot;one&quot;,&quot;n_accordion_animation_duration&quot;:{&quot;unit&quot;:&quot;ms&quot;,&quot;size&quot;:400,&quot;sizes&quot;:[]}}\" data-widget_type=\"nested-accordion.default\">\n\t\t\t\t<div class=\"elementor-widget-container\">\n\t\t\t\t\t\t\t<div class=\"e-n-accordion\" aria-label=\"Accordion. Open links with Enter or Space, close with Escape, and navigate with Arrow Keys\">\n\t\t\t\t\t\t<details id=\"e-n-accordion-item-1800\" class=\"e-n-accordion-item\" >\n\t\t\t\t<summary class=\"e-n-accordion-item-title\" data-accordion-index=\"1\" tabindex=\"0\" aria-expanded=\"false\" aria-controls=\"e-n-accordion-item-1800\" >\n\t\t\t\t\t<span class='e-n-accordion-item-title-header'><div class=\"e-n-accordion-item-title-text\"> F\u0151bb rendszerelemek <\/div><\/span>\n\t\t\t\t\t\t\t<span class='e-n-accordion-item-title-icon'>\n\t\t\t<span class='e-opened' ><svg aria-hidden=\"true\" class=\"e-font-icon-svg e-fas-minus\" viewBox=\"0 0 448 512\" xmlns=\"http:\/\/www.w3.org\/2000\/svg\"><path d=\"M416 208H32c-17.67 0-32 14.33-32 32v32c0 17.67 14.33 32 32 32h384c17.67 0 32-14.33 32-32v-32c0-17.67-14.33-32-32-32z\"><\/path><\/svg><\/span>\n\t\t\t<span class='e-closed'><svg aria-hidden=\"true\" class=\"e-font-icon-svg e-fas-plus\" viewBox=\"0 0 448 512\" xmlns=\"http:\/\/www.w3.org\/2000\/svg\"><path d=\"M416 208H272V64c0-17.67-14.33-32-32-32h-32c-17.67 0-32 14.33-32 32v144H32c-17.67 0-32 14.33-32 32v32c0 17.67 14.33 32 32 32h144v144c0 17.67 14.33 32 32 32h32c17.67 0 32-14.33 32-32V304h144c17.67 0 32-14.33 32-32v-32c0-17.67-14.33-32-32-32z\"><\/path><\/svg><\/span>\n\t\t<\/span>\n\n\t\t\t\t\t\t<\/summary>\n\t\t\t\t<div role=\"region\" aria-labelledby=\"e-n-accordion-item-1800\" class=\"elementor-element elementor-element-aa12fd7 e-con-full e-grid e-con e-child\" data-id=\"aa12fd7\" data-element_type=\"container\" data-e-type=\"container\">\n\t\t<div role=\"region\" aria-labelledby=\"e-n-accordion-item-1800\" class=\"elementor-element elementor-element-3761fb9 e-con-full e-flex e-con e-child\" data-id=\"3761fb9\" data-element_type=\"container\" data-e-type=\"container\">\n\t\t\t\t<div class=\"elementor-element elementor-element-4f430a0 elementor-widget elementor-widget-image\" data-id=\"4f430a0\" data-element_type=\"widget\" data-e-type=\"widget\" data-widget_type=\"image.default\">\n\t\t\t\t<div class=\"elementor-widget-container\">\n\t\t\t\t\t\t\t\t\t\t\t\t<figure class=\"wp-caption\">\n\t\t\t\t\t\t\t\t\t\t\t<a href=\"https:\/\/bpont.hu\/shop\/index.php\/tuzjelzo\/avenar-2000-es-avenar-8000\/\" target=\"_blank\">\n\t\t\t\t\t\t\t<img decoding=\"async\" width=\"800\" height=\"800\" src=\"https:\/\/bpont.hu\/shop\/wp-content\/uploads\/2025\/08\/FPA2000.png\" class=\"elementor-animation-grow attachment-large size-large wp-image-8558\" alt=\"\" srcset=\"https:\/\/bpont.hu\/shop\/wp-content\/uploads\/2025\/08\/FPA2000.png 800w, https:\/\/bpont.hu\/shop\/wp-content\/uploads\/2025\/08\/FPA2000-300x300.png 300w, https:\/\/bpont.hu\/shop\/wp-content\/uploads\/2025\/08\/FPA2000-150x150.png 150w, https:\/\/bpont.hu\/shop\/wp-content\/uploads\/2025\/08\/FPA2000-768x768.png 768w, https:\/\/bpont.hu\/shop\/wp-content\/uploads\/2025\/08\/FPA2000-600x600.png 600w, https:\/\/bpont.hu\/shop\/wp-content\/uploads\/2025\/08\/FPA2000-100x100.png 100w\" sizes=\"(max-width: 800px) 100vw, 800px\" \/>\t\t\t\t\t\t\t\t<\/a>\n\t\t\t\t\t\t\t\t\t\t\t<figcaption class=\"widget-image-caption wp-caption-text\">Modul\u00e1ris vez\u00e9rl\u0151k \u00e9s elemei<\/figcaption>\n\t\t\t\t\t\t\t\t\t\t<\/figure>\n\t\t\t\t\t\t\t\t\t<\/div>\n\t\t\t\t<\/div>\n\t\t\t\t<\/div>\n\t\t<div role=\"region\" aria-labelledby=\"e-n-accordion-item-1800\" class=\"elementor-element elementor-element-c8aa93f e-con-full e-flex e-con e-child\" data-id=\"c8aa93f\" data-element_type=\"container\" data-e-type=\"container\">\n\t\t\t\t<div class=\"elementor-element elementor-element-d3f40e7 elementor-widget elementor-widget-image\" data-id=\"d3f40e7\" data-element_type=\"widget\" data-e-type=\"widget\" data-widget_type=\"image.default\">\n\t\t\t\t<div class=\"elementor-widget-container\">\n\t\t\t\t\t\t\t\t\t\t\t\t<figure class=\"wp-caption\">\n\t\t\t\t\t\t\t\t\t\t\t<a href=\"https:\/\/bpont.hu\/shop\/index.php\/tuzjelzo\/tuzjelzo-erzekelok\/\" target=\"_blank\">\n\t\t\t\t\t\t\t<img loading=\"lazy\" decoding=\"async\" width=\"500\" height=\"375\" src=\"https:\/\/bpont.hu\/shop\/wp-content\/uploads\/2025\/08\/FAP-425-DOTCO-R.png\" class=\"elementor-animation-grow attachment-large size-large wp-image-8742\" alt=\"\" srcset=\"https:\/\/bpont.hu\/shop\/wp-content\/uploads\/2025\/08\/FAP-425-DOTCO-R.png 500w, https:\/\/bpont.hu\/shop\/wp-content\/uploads\/2025\/08\/FAP-425-DOTCO-R-300x225.png 300w\" sizes=\"(max-width: 500px) 100vw, 500px\" \/>\t\t\t\t\t\t\t\t<\/a>\n\t\t\t\t\t\t\t\t\t\t\t<figcaption class=\"widget-image-caption wp-caption-text\">Intelligens \u00e9s hagyom\u00e1nyos \u00e9rz\u00e9kel\u0151k<\/figcaption>\n\t\t\t\t\t\t\t\t\t\t<\/figure>\n\t\t\t\t\t\t\t\t\t<\/div>\n\t\t\t\t<\/div>\n\t\t\t\t<\/div>\n\t\t<div role=\"region\" aria-labelledby=\"e-n-accordion-item-1800\" class=\"elementor-element elementor-element-2f1797f e-con-full e-flex e-con e-child\" data-id=\"2f1797f\" data-element_type=\"container\" data-e-type=\"container\">\n\t\t\t\t<div class=\"elementor-element elementor-element-7277d82 elementor-widget elementor-widget-image\" data-id=\"7277d82\" data-element_type=\"widget\" data-e-type=\"widget\" data-widget_type=\"image.default\">\n\t\t\t\t<div class=\"elementor-widget-container\">\n\t\t\t\t\t\t\t\t\t\t\t\t<figure class=\"wp-caption\">\n\t\t\t\t\t\t\t\t\t\t\t<a href=\"https:\/\/bpont.hu\/shop\/index.php\/tuzjelzo\/tuzjelzo-erzekelok\/\" target=\"_blank\">\n\t\t\t\t\t\t\t<img loading=\"lazy\" decoding=\"async\" width=\"800\" height=\"800\" src=\"https:\/\/bpont.hu\/shop\/wp-content\/uploads\/2025\/08\/FAS420_7x7.png\" class=\"elementor-animation-grow attachment-large size-large wp-image-8470\" alt=\"\" srcset=\"https:\/\/bpont.hu\/shop\/wp-content\/uploads\/2025\/08\/FAS420_7x7.png 800w, https:\/\/bpont.hu\/shop\/wp-content\/uploads\/2025\/08\/FAS420_7x7-300x300.png 300w, https:\/\/bpont.hu\/shop\/wp-content\/uploads\/2025\/08\/FAS420_7x7-150x150.png 150w, https:\/\/bpont.hu\/shop\/wp-content\/uploads\/2025\/08\/FAS420_7x7-768x768.png 768w, https:\/\/bpont.hu\/shop\/wp-content\/uploads\/2025\/08\/FAS420_7x7-600x600.png 600w, https:\/\/bpont.hu\/shop\/wp-content\/uploads\/2025\/08\/FAS420_7x7-100x100.png 100w\" sizes=\"(max-width: 800px) 100vw, 800px\" \/>\t\t\t\t\t\t\t\t<\/a>\n\t\t\t\t\t\t\t\t\t\t\t<figcaption class=\"widget-image-caption wp-caption-text\">Speci\u00e1lis eszk\u00f6z\u00f6k<\/figcaption>\n\t\t\t\t\t\t\t\t\t\t<\/figure>\n\t\t\t\t\t\t\t\t\t<\/div>\n\t\t\t\t<\/div>\n\t\t\t\t<\/div>\n\t\t<div role=\"region\" aria-labelledby=\"e-n-accordion-item-1800\" class=\"elementor-element elementor-element-1cd40f7 e-con-full e-flex e-con e-child\" data-id=\"1cd40f7\" data-element_type=\"container\" data-e-type=\"container\">\n\t\t\t\t<div class=\"elementor-element elementor-element-691ff19 elementor-widget elementor-widget-image\" data-id=\"691ff19\" data-element_type=\"widget\" data-e-type=\"widget\" data-widget_type=\"image.default\">\n\t\t\t\t<div class=\"elementor-widget-container\">\n\t\t\t\t\t\t\t\t\t\t\t\t<figure class=\"wp-caption\">\n\t\t\t\t\t\t\t\t\t\t\t<a href=\"https:\/\/bpont.hu\/shop\/index.php\/tuzjelzo\/tuzjelzo-erzekelok\/\" target=\"_blank\">\n\t\t\t\t\t\t\t<img loading=\"lazy\" decoding=\"async\" width=\"800\" height=\"600\" src=\"https:\/\/bpont.hu\/shop\/wp-content\/uploads\/2025\/08\/flm_420_i2_d.png\" class=\"elementor-animation-grow attachment-large size-large wp-image-5734\" alt=\"\" srcset=\"https:\/\/bpont.hu\/shop\/wp-content\/uploads\/2025\/08\/flm_420_i2_d.png 800w, https:\/\/bpont.hu\/shop\/wp-content\/uploads\/2025\/08\/flm_420_i2_d-300x225.png 300w, https:\/\/bpont.hu\/shop\/wp-content\/uploads\/2025\/08\/flm_420_i2_d-768x576.png 768w, https:\/\/bpont.hu\/shop\/wp-content\/uploads\/2025\/08\/flm_420_i2_d-600x450.png 600w\" sizes=\"(max-width: 800px) 100vw, 800px\" \/>\t\t\t\t\t\t\t\t<\/a>\n\t\t\t\t\t\t\t\t\t\t\t<figcaption class=\"widget-image-caption wp-caption-text\">LSN hurok-modulok<\/figcaption>\n\t\t\t\t\t\t\t\t\t\t<\/figure>\n\t\t\t\t\t\t\t\t\t<\/div>\n\t\t\t\t<\/div>\n\t\t\t\t<\/div>\n\t\t<div role=\"region\" aria-labelledby=\"e-n-accordion-item-1800\" class=\"elementor-element elementor-element-b6bf1e4 e-con-full e-flex e-con e-child\" data-id=\"b6bf1e4\" data-element_type=\"container\" data-e-type=\"container\">\n\t\t\t\t<div class=\"elementor-element elementor-element-aea1931 elementor-widget elementor-widget-image\" data-id=\"aea1931\" data-element_type=\"widget\" data-e-type=\"widget\" data-widget_type=\"image.default\">\n\t\t\t\t<div class=\"elementor-widget-container\">\n\t\t\t\t\t\t\t\t\t\t\t\t<figure class=\"wp-caption\">\n\t\t\t\t\t\t\t\t\t\t<img loading=\"lazy\" decoding=\"async\" width=\"800\" height=\"800\" src=\"https:\/\/bpont.hu\/shop\/wp-content\/uploads\/2025\/08\/FSM2500.png\" class=\"elementor-animation-grow attachment-large size-large wp-image-5543\" alt=\"\" srcset=\"https:\/\/bpont.hu\/shop\/wp-content\/uploads\/2025\/08\/FSM2500.png 800w, https:\/\/bpont.hu\/shop\/wp-content\/uploads\/2025\/08\/FSM2500-300x300.png 300w, https:\/\/bpont.hu\/shop\/wp-content\/uploads\/2025\/08\/FSM2500-150x150.png 150w, https:\/\/bpont.hu\/shop\/wp-content\/uploads\/2025\/08\/FSM2500-768x768.png 768w, https:\/\/bpont.hu\/shop\/wp-content\/uploads\/2025\/08\/FSM2500-600x600.png 600w, https:\/\/bpont.hu\/shop\/wp-content\/uploads\/2025\/08\/FSM2500-100x100.png 100w, https:\/\/bpont.hu\/shop\/wp-content\/uploads\/2025\/08\/FSM2500-536x536.png 536w, https:\/\/bpont.hu\/shop\/wp-content\/uploads\/2025\/08\/FSM2500-268x268.png 268w, https:\/\/bpont.hu\/shop\/wp-content\/uploads\/2025\/08\/FSM2500-458x458.png 458w\" sizes=\"(max-width: 800px) 100vw, 800px\" \/>\t\t\t\t\t\t\t\t\t\t\t<figcaption class=\"widget-image-caption wp-caption-text\">T\u00e9rk\u00e9pes megjelen\u00edt\u0151<\/figcaption>\n\t\t\t\t\t\t\t\t\t\t<\/figure>\n\t\t\t\t\t\t\t\t\t<\/div>\n\t\t\t\t<\/div>\n\t\t\t\t<\/div>\n\t\t<div role=\"region\" aria-labelledby=\"e-n-accordion-item-1800\" class=\"elementor-element elementor-element-97e74bf e-con-full e-flex e-con e-child\" data-id=\"97e74bf\" data-element_type=\"container\" data-e-type=\"container\">\n\t\t\t\t<div class=\"elementor-element elementor-element-bdc0f9c elementor-widget elementor-widget-image\" data-id=\"bdc0f9c\" data-element_type=\"widget\" data-e-type=\"widget\" data-widget_type=\"image.default\">\n\t\t\t\t<div class=\"elementor-widget-container\">\n\t\t\t\t\t\t\t\t\t\t\t\t<figure class=\"wp-caption\">\n\t\t\t\t\t\t\t\t\t\t<img loading=\"lazy\" decoding=\"async\" width=\"800\" height=\"800\" src=\"https:\/\/bpont.hu\/shop\/wp-content\/uploads\/2025\/06\/PLM-4P125.png\" class=\"elementor-animation-grow attachment-large size-large wp-image-2403\" alt=\"\" srcset=\"https:\/\/bpont.hu\/shop\/wp-content\/uploads\/2025\/06\/PLM-4P125.png 800w, https:\/\/bpont.hu\/shop\/wp-content\/uploads\/2025\/06\/PLM-4P125-536x536.png 536w, https:\/\/bpont.hu\/shop\/wp-content\/uploads\/2025\/06\/PLM-4P125-268x268.png 268w, https:\/\/bpont.hu\/shop\/wp-content\/uploads\/2025\/06\/PLM-4P125-458x458.png 458w\" sizes=\"(max-width: 800px) 100vw, 800px\" \/>\t\t\t\t\t\t\t\t\t\t\t<figcaption class=\"widget-image-caption wp-caption-text\">Evaku\u00e1ci\u00f3s hang-rendszer<\/figcaption>\n\t\t\t\t\t\t\t\t\t\t<\/figure>\n\t\t\t\t\t\t\t\t\t<\/div>\n\t\t\t\t<\/div>\n\t\t\t\t<\/div>\n\t\t\t\t<\/div>\n\t\t\t\t\t<\/details>\n\t\t\t\t\t<\/div>\n\t\t\t\t\t\t<\/div>\n\t\t\t\t<\/div>\n\t\t\t\t<\/div>\n\t\t\t\t\t<\/div>\n\t\t\t\t<\/div>\n\t\t\t\t<\/div>\n\t\t","protected":false},"excerpt":{"rendered":"<p>\u00c1ttekint\u00e9s a Bosch t\u0171zv\u00e9delmi rendszereir\u0151l A Bosch k\u00edn\u00e1lat\u00e1ban a teljes t\u0171zv\u00e9delmi folyamat lefedhet\u0151: a rendszertervez\u00e9st seg\u00edt\u0151 Safety Systems Designer szoftvert\u0151l kezdve a megb\u00edzhat\u00f3, hossz\u00fa t\u00e1vra tervezett k\u00f6zponti panelekig \u00e9s \u00e9rz\u00e9kel\u0151kig. Ezen k\u00edv\u00fcl lehet\u0151s\u00e9g van a rendszerek t\u00e1voli konfigur\u00e1l\u00e1s\u00e1ra \u00e9s karbantart\u00e1s\u00e1ra &hellip; <a href=\"https:\/\/bpont.hu\/shop\/index.php\/tuzjelzo\/tuzjelzorendszer\/\">Continued<\/a><\/p>\n","protected":false},"author":6,"featured_media":0,"parent":8466,"menu_order":0,"comment_status":"closed","ping_status":"closed","template":"","meta":{"footnotes":""},"class_list":["post-8652","page","type-page","status-publish","hentry"],"jetpack_sharing_enabled":true,"_links":{"self":[{"href":"https:\/\/bpont.hu\/shop\/index.php\/wp-json\/wp\/v2\/pages\/8652","targetHints":{"allow":["GET"]}}],"collection":[{"href":"https:\/\/bpont.hu\/shop\/index.php\/wp-json\/wp\/v2\/pages"}],"about":[{"href":"https:\/\/bpont.hu\/shop\/index.php\/wp-json\/wp\/v2\/types\/page"}],"author":[{"embeddable":true,"href":"https:\/\/bpont.hu\/shop\/index.php\/wp-json\/wp\/v2\/users\/6"}],"replies":[{"embeddable":true,"href":"https:\/\/bpont.hu\/shop\/index.php\/wp-json\/wp\/v2\/comments?post=8652"}],"version-history":[{"count":67,"href":"https:\/\/bpont.hu\/shop\/index.php\/wp-json\/wp\/v2\/pages\/8652\/revisions"}],"predecessor-version":[{"id":8990,"href":"https:\/\/bpont.hu\/shop\/index.php\/wp-json\/wp\/v2\/pages\/8652\/revisions\/8990"}],"up":[{"embeddable":true,"href":"https:\/\/bpont.hu\/shop\/index.php\/wp-json\/wp\/v2\/pages\/8466"}],"wp:attachment":[{"href":"https:\/\/bpont.hu\/shop\/index.php\/wp-json\/wp\/v2\/media?parent=8652"}],"curies":[{"name":"wp","href":"https:\/\/api.w.org\/{rel}","templated":true}]}}