{"id":3453,"date":"2025-07-10T11:44:13","date_gmt":"2025-07-10T11:44:13","guid":{"rendered":"https:\/\/bpont.shop.hu\/?page_id=3453"},"modified":"2025-07-10T13:56:27","modified_gmt":"2025-07-10T13:56:27","slug":"rolunk","status":"publish","type":"page","link":"https:\/\/bpont.hu\/shop\/index.php\/rolunk\/","title":{"rendered":"R\u00f3lunk"},"content":{"rendered":"\t\t<div data-elementor-type=\"wp-page\" data-elementor-id=\"3453\" class=\"elementor elementor-3453\">\n\t\t\t\t<div class=\"elementor-element elementor-element-d5bf770 e-flex e-con-boxed e-con e-parent\" data-id=\"d5bf770\" data-element_type=\"container\" data-e-type=\"container\">\n\t\t\t\t\t<div class=\"e-con-inner\">\n\t\t\t\t<div class=\"elementor-element elementor-element-11f1abc elementor-widget elementor-widget-text-editor\" data-id=\"11f1abc\" data-element_type=\"widget\" data-e-type=\"widget\" data-widget_type=\"text-editor.default\">\n\t\t\t\t<div class=\"elementor-widget-container\">\n\t\t\t\t\t\t\t\t\t<p>A B Pont Kft. 2006.janu\u00e1rj\u00e1ban alakult, eredetileg Bosch Pont \u00dczletl\u00e1nc Kft. n\u00e9ven. 2006-ban orsz\u00e1gszerte \u00f6t \u00fczlettel rendelkez\u0151 bolth\u00e1l\u00f3zattal kezdt\u00fck meg m\u0171k\u00f6d\u00e9s\u00fcnket. C\u00e9g\u00fcnk l\u00e9trej\u00f6tt\u00e9nek alapvet\u0151 c\u00e9lja a vil\u00e1gszerte ismert \u00e9s elismert Bosch biztons\u00e1gtechnikai term\u00e9keit \u00e9rt\u00e9kes\u00edt\u0151 \u00fczleth\u00e1l\u00f3zat\u00e1nak \u00fczemeltet\u00e9se volt.<\/p><p>Az els\u0151sorban nagykereskedelmi c\u00e9gk\u00e9nt m\u0171k\u00f6d\u0151 B Pont szoros egy\u00fcttm\u0171k\u00f6d\u00e9sben \u00e1llt a Bosch Biztons\u00e1gtechnikai Rendszerek Kft-vel, a c\u00e9g k\u00e9pviselet\u00e9t is ell\u00e1tta.<br \/>A Bosch Biztons\u00e1gtechnikai Rendszerek Kft. c\u00e9g\u00e1talakul\u00e1s\u00e1t k\u00f6vet\u0151en a B Pont Kft. lett a Bosch biztons\u00e1gtechnikai term\u00e9kek kiemelt hazai disztrib\u00fatora.<\/p><p>Az \u00e1ltalunk \u00e9rt\u00e9kes\u00edtett term\u00e9kek lefedik gyakorlatilag a teljes biztons\u00e1gtechnikai ipar\u00e1gat. C\u00e9g\u00fcnk k\u00edn\u00e1lat\u00e1ban szerepelnek a behatol\u00e1sjelz\u0151 \/ riaszt\u00f3 rendszerek, ipari \/ lakoss\u00e1gi z\u00e1rtl\u00e1nc\u00fa megfigyel\u0151 \u00e9s kamerarendszerek (CCTV), v\u00e9szhangos\u00edt\u00f3 \u00e9s konferenciarendszerek, t\u0171zjelz\u0151 rendszerek, valamint bel\u00e9ptet\u0151 rendszerek \u00e9s egy\u00e9b kieg\u00e9sz\u00edt\u0151 term\u00e9kek.<\/p><p>C\u00e9g\u00fcnk alapvet\u0151en nagykereskedelmi tev\u00e9kenys\u00e9get folytat, de hivatalos tendereken is r\u00e9szt vesz a partnerekkel kar\u00f6ltve. Egyr\u00e9szt szakk\u00e9pzett term\u00e9kmenedzserek \u00e1llnak rendelkez\u00e9sre a szerel\u0151k sz\u00e1m\u00e1ra, valamint bizonyos esetekben tan\u00e1csad\u00e1st, rendszerbe\u00fczemel\u00e9st \u00e9s jav\u00edt\u00e1st is v\u00e1llalunk. A garanci\u00e1lis \u00fcgyint\u00e9z\u00e9sben \u00e9s szervizel\u00e9sben is fontos szerepet t\u00f6lt be a B Pont; a Bosch term\u00e9kek eset\u00e9ben a hivatalos szervizzel, valamint a gy\u00e1rt\u00f3kkal \/ forgalmaz\u00f3kkal val\u00f3 szoros egy\u00fcttm\u0171k\u00f6d\u00e9sben.<\/p><p>.<\/p>\t\t\t\t\t\t\t\t<\/div>\n\t\t\t\t<\/div>\n\t\t\t\t\t<\/div>\n\t\t\t\t<\/div>\n\t\t<div class=\"elementor-element elementor-element-36f83d5 e-grid e-con-boxed e-con e-parent\" data-id=\"36f83d5\" data-element_type=\"container\" data-e-type=\"container\">\n\t\t\t\t\t<div class=\"e-con-inner\">\n\t\t\t\t<div class=\"elementor-element elementor-element-3dfdb8d elementor-widget elementor-widget-image\" data-id=\"3dfdb8d\" data-element_type=\"widget\" data-e-type=\"widget\" data-widget_type=\"image.default\">\n\t\t\t\t<div class=\"elementor-widget-container\">\n\t\t\t\t\t\t\t\t\t\t\t\t<figure class=\"wp-caption\">\n\t\t\t\t\t\t\t\t\t\t<img fetchpriority=\"high\" decoding=\"async\" width=\"1024\" height=\"550\" src=\"https:\/\/bpont.hu\/shop\/wp-content\/uploads\/2025\/07\/REF_Mariott-Hotel.png\" class=\"attachment-large size-large wp-image-3456\" alt=\"\" srcset=\"https:\/\/bpont.hu\/shop\/wp-content\/uploads\/2025\/07\/REF_Mariott-Hotel.png 1024w, https:\/\/bpont.hu\/shop\/wp-content\/uploads\/2025\/07\/REF_Mariott-Hotel-300x161.png 300w, https:\/\/bpont.hu\/shop\/wp-content\/uploads\/2025\/07\/REF_Mariott-Hotel-768x413.png 768w, https:\/\/bpont.hu\/shop\/wp-content\/uploads\/2025\/07\/REF_Mariott-Hotel-600x322.png 600w\" sizes=\"(max-width: 1024px) 100vw, 1024px\" \/>\t\t\t\t\t\t\t\t\t\t\t<figcaption class=\"widget-image-caption wp-caption-text\">Mariott Hotel Budapest<br>(Bosch t\u0171zjelz\u0151)\u200b<\/figcaption>\n\t\t\t\t\t\t\t\t\t\t<\/figure>\n\t\t\t\t\t\t\t\t\t<\/div>\n\t\t\t\t<\/div>\n\t\t\t\t<div class=\"elementor-element elementor-element-aa907ec elementor-widget elementor-widget-image\" data-id=\"aa907ec\" data-element_type=\"widget\" data-e-type=\"widget\" data-widget_type=\"image.default\">\n\t\t\t\t<div class=\"elementor-widget-container\">\n\t\t\t\t\t\t\t\t\t\t\t\t<figure class=\"wp-caption\">\n\t\t\t\t\t\t\t\t\t\t<img decoding=\"async\" width=\"768\" height=\"306\" src=\"https:\/\/bpont.hu\/shop\/wp-content\/uploads\/2025\/07\/REF_Corvinus_Egyetem_Budapest.png\" class=\"attachment-large size-large wp-image-3457\" alt=\"\" srcset=\"https:\/\/bpont.hu\/shop\/wp-content\/uploads\/2025\/07\/REF_Corvinus_Egyetem_Budapest.png 768w, https:\/\/bpont.hu\/shop\/wp-content\/uploads\/2025\/07\/REF_Corvinus_Egyetem_Budapest-300x120.png 300w, https:\/\/bpont.hu\/shop\/wp-content\/uploads\/2025\/07\/REF_Corvinus_Egyetem_Budapest-600x239.png 600w\" sizes=\"(max-width: 768px) 100vw, 768px\" \/>\t\t\t\t\t\t\t\t\t\t\t<figcaption class=\"widget-image-caption wp-caption-text\">Park Center Zala<br>(Bosch t\u0171zjelz\u0151)\u200b<\/figcaption>\n\t\t\t\t\t\t\t\t\t\t<\/figure>\n\t\t\t\t\t\t\t\t\t<\/div>\n\t\t\t\t<\/div>\n\t\t\t\t<div class=\"elementor-element elementor-element-f7ef122 elementor-widget elementor-widget-image\" data-id=\"f7ef122\" data-element_type=\"widget\" data-e-type=\"widget\" data-widget_type=\"image.default\">\n\t\t\t\t<div class=\"elementor-widget-container\">\n\t\t\t\t\t\t\t\t\t\t\t\t<figure class=\"wp-caption\">\n\t\t\t\t\t\t\t\t\t\t<img decoding=\"async\" width=\"1024\" height=\"418\" src=\"https:\/\/bpont.hu\/shop\/wp-content\/uploads\/2025\/07\/REF_Pannon_Egyetem-1024x418.png\" class=\"attachment-large size-large wp-image-3458\" alt=\"\" srcset=\"https:\/\/bpont.hu\/shop\/wp-content\/uploads\/2025\/07\/REF_Pannon_Egyetem-1024x418.png 1024w, https:\/\/bpont.hu\/shop\/wp-content\/uploads\/2025\/07\/REF_Pannon_Egyetem-300x123.png 300w, https:\/\/bpont.hu\/shop\/wp-content\/uploads\/2025\/07\/REF_Pannon_Egyetem-768x314.png 768w, https:\/\/bpont.hu\/shop\/wp-content\/uploads\/2025\/07\/REF_Pannon_Egyetem-600x245.png 600w, https:\/\/bpont.hu\/shop\/wp-content\/uploads\/2025\/07\/REF_Pannon_Egyetem.png 1390w\" sizes=\"(max-width: 1024px) 100vw, 1024px\" \/>\t\t\t\t\t\t\t\t\t\t\t<figcaption class=\"widget-image-caption wp-caption-text\">Pannon Egyetem<br>(Bosch t\u0171zjelz\u0151)<\/figcaption>\n\t\t\t\t\t\t\t\t\t\t<\/figure>\n\t\t\t\t\t\t\t\t\t<\/div>\n\t\t\t\t<\/div>\n\t\t\t\t<div class=\"elementor-element elementor-element-154f138 elementor-widget elementor-widget-image\" data-id=\"154f138\" data-element_type=\"widget\" data-e-type=\"widget\" data-widget_type=\"image.default\">\n\t\t\t\t<div class=\"elementor-widget-container\">\n\t\t\t\t\t\t\t\t\t\t\t\t<figure class=\"wp-caption\">\n\t\t\t\t\t\t\t\t\t\t<img loading=\"lazy\" decoding=\"async\" width=\"750\" height=\"475\" src=\"https:\/\/bpont.hu\/shop\/wp-content\/uploads\/2025\/07\/REF_spar_aruhazak.png\" class=\"attachment-large size-large wp-image-3459\" alt=\"\" srcset=\"https:\/\/bpont.hu\/shop\/wp-content\/uploads\/2025\/07\/REF_spar_aruhazak.png 750w, https:\/\/bpont.hu\/shop\/wp-content\/uploads\/2025\/07\/REF_spar_aruhazak-300x190.png 300w, https:\/\/bpont.hu\/shop\/wp-content\/uploads\/2025\/07\/REF_spar_aruhazak-80x50.png 80w, https:\/\/bpont.hu\/shop\/wp-content\/uploads\/2025\/07\/REF_spar_aruhazak-600x380.png 600w\" sizes=\"(max-width: 750px) 100vw, 750px\" \/>\t\t\t\t\t\t\t\t\t\t\t<figcaption class=\"widget-image-caption wp-caption-text\">Spar \u00e1ruh\u00e1zak Sz\u00e1nt\u00f3d, Dorog, Szigetv\u00e1r, Hajd\u00faszoboszl\u00f3 stb.<br>(Bosch t\u0171zjelz\u0151)\u200b<\/figcaption>\n\t\t\t\t\t\t\t\t\t\t<\/figure>\n\t\t\t\t\t\t\t\t\t<\/div>\n\t\t\t\t<\/div>\n\t\t\t\t<div class=\"elementor-element elementor-element-fbffe41 elementor-widget elementor-widget-image\" data-id=\"fbffe41\" data-element_type=\"widget\" data-e-type=\"widget\" data-widget_type=\"image.default\">\n\t\t\t\t<div class=\"elementor-widget-container\">\n\t\t\t\t\t\t\t\t\t\t\t\t<figure class=\"wp-caption\">\n\t\t\t\t\t\t\t\t\t\t<img loading=\"lazy\" decoding=\"async\" width=\"768\" height=\"433\" src=\"https:\/\/bpont.hu\/shop\/wp-content\/uploads\/2025\/07\/REF_Corvinus_Egyetem_Budapes.png\" class=\"attachment-large size-large wp-image-3460\" alt=\"\" srcset=\"https:\/\/bpont.hu\/shop\/wp-content\/uploads\/2025\/07\/REF_Corvinus_Egyetem_Budapes.png 768w, https:\/\/bpont.hu\/shop\/wp-content\/uploads\/2025\/07\/REF_Corvinus_Egyetem_Budapes-300x169.png 300w, https:\/\/bpont.hu\/shop\/wp-content\/uploads\/2025\/07\/REF_Corvinus_Egyetem_Budapes-600x338.png 600w\" sizes=\"(max-width: 768px) 100vw, 768px\" \/>\t\t\t\t\t\t\t\t\t\t\t<figcaption class=\"widget-image-caption wp-caption-text\">Corvinus Egyetem Budapest<br>(Bosch t\u0171zjelz\u0151)\u200b<\/figcaption>\n\t\t\t\t\t\t\t\t\t\t<\/figure>\n\t\t\t\t\t\t\t\t\t<\/div>\n\t\t\t\t<\/div>\n\t\t\t\t<div class=\"elementor-element elementor-element-a624de7 elementor-widget elementor-widget-image\" data-id=\"a624de7\" data-element_type=\"widget\" data-e-type=\"widget\" data-widget_type=\"image.default\">\n\t\t\t\t<div class=\"elementor-widget-container\">\n\t\t\t\t\t\t\t\t\t\t\t\t<figure class=\"wp-caption\">\n\t\t\t\t\t\t\t\t\t\t<img loading=\"lazy\" decoding=\"async\" width=\"1024\" height=\"576\" src=\"https:\/\/bpont.hu\/shop\/wp-content\/uploads\/2025\/07\/REF_Kolping_Hotel.png\" class=\"attachment-large size-large wp-image-3461\" alt=\"\" srcset=\"https:\/\/bpont.hu\/shop\/wp-content\/uploads\/2025\/07\/REF_Kolping_Hotel.png 1024w, https:\/\/bpont.hu\/shop\/wp-content\/uploads\/2025\/07\/REF_Kolping_Hotel-300x169.png 300w, https:\/\/bpont.hu\/shop\/wp-content\/uploads\/2025\/07\/REF_Kolping_Hotel-768x432.png 768w, https:\/\/bpont.hu\/shop\/wp-content\/uploads\/2025\/07\/REF_Kolping_Hotel-600x338.png 600w\" sizes=\"(max-width: 1024px) 100vw, 1024px\" \/>\t\t\t\t\t\t\t\t\t\t\t<figcaption class=\"widget-image-caption wp-caption-text\">Kolping Hotel H\u00e9v\u00edz<br>(Bosch T\u0171zjelz\u0151)\u200b<\/figcaption>\n\t\t\t\t\t\t\t\t\t\t<\/figure>\n\t\t\t\t\t\t\t\t\t<\/div>\n\t\t\t\t<\/div>\n\t\t\t\t<div class=\"elementor-element elementor-element-bd3bd7f elementor-widget elementor-widget-image\" data-id=\"bd3bd7f\" data-element_type=\"widget\" data-e-type=\"widget\" data-widget_type=\"image.default\">\n\t\t\t\t<div class=\"elementor-widget-container\">\n\t\t\t\t\t\t\t\t\t\t\t\t<figure class=\"wp-caption\">\n\t\t\t\t\t\t\t\t\t\t<img loading=\"lazy\" decoding=\"async\" width=\"1024\" height=\"600\" src=\"https:\/\/bpont.hu\/shop\/wp-content\/uploads\/2025\/07\/ref_OBI_aruhaz.png\" class=\"attachment-large size-large wp-image-3462\" alt=\"\" srcset=\"https:\/\/bpont.hu\/shop\/wp-content\/uploads\/2025\/07\/ref_OBI_aruhaz.png 1024w, https:\/\/bpont.hu\/shop\/wp-content\/uploads\/2025\/07\/ref_OBI_aruhaz-300x176.png 300w, https:\/\/bpont.hu\/shop\/wp-content\/uploads\/2025\/07\/ref_OBI_aruhaz-768x450.png 768w, https:\/\/bpont.hu\/shop\/wp-content\/uploads\/2025\/07\/ref_OBI_aruhaz-600x352.png 600w\" sizes=\"(max-width: 1024px) 100vw, 1024px\" \/>\t\t\t\t\t\t\t\t\t\t\t<figcaption class=\"widget-image-caption wp-caption-text\">OBI \u00c1ruh\u00e1z Gy\u00f6ngy\u00f6s<br>(Bosch Behatol\u00e1s)\u200b<\/figcaption>\n\t\t\t\t\t\t\t\t\t\t<\/figure>\n\t\t\t\t\t\t\t\t\t<\/div>\n\t\t\t\t<\/div>\n\t\t\t\t<div class=\"elementor-element elementor-element-1748053 elementor-widget elementor-widget-image\" data-id=\"1748053\" data-element_type=\"widget\" data-e-type=\"widget\" data-widget_type=\"image.default\">\n\t\t\t\t<div class=\"elementor-widget-container\">\n\t\t\t\t\t\t\t\t\t\t\t\t<figure class=\"wp-caption\">\n\t\t\t\t\t\t\t\t\t\t<img loading=\"lazy\" decoding=\"async\" width=\"1024\" height=\"683\" src=\"https:\/\/bpont.hu\/shop\/wp-content\/uploads\/2025\/07\/REF_Pecsi_Tudomanyegyetem.png\" class=\"attachment-large size-large wp-image-3463\" alt=\"\" srcset=\"https:\/\/bpont.hu\/shop\/wp-content\/uploads\/2025\/07\/REF_Pecsi_Tudomanyegyetem.png 1024w, https:\/\/bpont.hu\/shop\/wp-content\/uploads\/2025\/07\/REF_Pecsi_Tudomanyegyetem-300x200.png 300w, https:\/\/bpont.hu\/shop\/wp-content\/uploads\/2025\/07\/REF_Pecsi_Tudomanyegyetem-768x512.png 768w, https:\/\/bpont.hu\/shop\/wp-content\/uploads\/2025\/07\/REF_Pecsi_Tudomanyegyetem-600x400.png 600w\" sizes=\"(max-width: 1024px) 100vw, 1024px\" \/>\t\t\t\t\t\t\t\t\t\t\t<figcaption class=\"widget-image-caption wp-caption-text\">P\u00e9csi Tudom\u00e1nyegyetem<br>(Bosch t\u0171zjelz\u0151<\/figcaption>\n\t\t\t\t\t\t\t\t\t\t<\/figure>\n\t\t\t\t\t\t\t\t\t<\/div>\n\t\t\t\t<\/div>\n\t\t\t\t<div class=\"elementor-element elementor-element-71d14b3 elementor-widget elementor-widget-image\" data-id=\"71d14b3\" data-element_type=\"widget\" data-e-type=\"widget\" data-widget_type=\"image.default\">\n\t\t\t\t<div class=\"elementor-widget-container\">\n\t\t\t\t\t\t\t\t\t\t\t\t<figure class=\"wp-caption\">\n\t\t\t\t\t\t\t\t\t\t<img loading=\"lazy\" decoding=\"async\" width=\"1024\" height=\"768\" src=\"https:\/\/bpont.hu\/shop\/wp-content\/uploads\/2025\/07\/REF_Silver_alatonfured-1024x768.png\" class=\"attachment-large size-large wp-image-3464\" alt=\"\" srcset=\"https:\/\/bpont.hu\/shop\/wp-content\/uploads\/2025\/07\/REF_Silver_alatonfured-1024x768.png 1024w, https:\/\/bpont.hu\/shop\/wp-content\/uploads\/2025\/07\/REF_Silver_alatonfured-300x225.png 300w, https:\/\/bpont.hu\/shop\/wp-content\/uploads\/2025\/07\/REF_Silver_alatonfured-768x576.png 768w, https:\/\/bpont.hu\/shop\/wp-content\/uploads\/2025\/07\/REF_Silver_alatonfured-1536x1152.png 1536w, https:\/\/bpont.hu\/shop\/wp-content\/uploads\/2025\/07\/REF_Silver_alatonfured-600x450.png 600w, https:\/\/bpont.hu\/shop\/wp-content\/uploads\/2025\/07\/REF_Silver_alatonfured.png 2048w\" sizes=\"(max-width: 1024px) 100vw, 1024px\" \/>\t\t\t\t\t\t\t\t\t\t\t<figcaption class=\"widget-image-caption wp-caption-text\">Silver Hotel Balatonf\u00fcred<br>(Bosch T\u0171zjelz\u0151)\u200b<\/figcaption>\n\t\t\t\t\t\t\t\t\t\t<\/figure>\n\t\t\t\t\t\t\t\t\t<\/div>\n\t\t\t\t<\/div>\n\t\t\t\t\t<\/div>\n\t\t\t\t<\/div>\n\t\t\t\t<\/div>\n\t\t","protected":false},"excerpt":{"rendered":"<p>A B Pont Kft. 2006.janu\u00e1rj\u00e1ban alakult, eredetileg Bosch Pont \u00dczletl\u00e1nc Kft. n\u00e9ven. 2006-ban orsz\u00e1gszerte \u00f6t \u00fczlettel rendelkez\u0151 bolth\u00e1l\u00f3zattal kezdt\u00fck meg m\u0171k\u00f6d\u00e9s\u00fcnket. C\u00e9g\u00fcnk l\u00e9trej\u00f6tt\u00e9nek alapvet\u0151 c\u00e9lja a vil\u00e1gszerte ismert \u00e9s elismert Bosch biztons\u00e1gtechnikai term\u00e9keit \u00e9rt\u00e9kes\u00edt\u0151 \u00fczleth\u00e1l\u00f3zat\u00e1nak \u00fczemeltet\u00e9se volt. Az els\u0151sorban nagykereskedelmi &hellip; <a href=\"https:\/\/bpont.hu\/shop\/index.php\/rolunk\/\">Continued<\/a><\/p>\n","protected":false},"author":1,"featured_media":0,"parent":0,"menu_order":0,"comment_status":"closed","ping_status":"closed","template":"","meta":{"footnotes":""},"class_list":["post-3453","page","type-page","status-publish","hentry"],"jetpack_sharing_enabled":true,"_links":{"self":[{"href":"https:\/\/bpont.hu\/shop\/index.php\/wp-json\/wp\/v2\/pages\/3453","targetHints":{"allow":["GET"]}}],"collection":[{"href":"https:\/\/bpont.hu\/shop\/index.php\/wp-json\/wp\/v2\/pages"}],"about":[{"href":"https:\/\/bpont.hu\/shop\/index.php\/wp-json\/wp\/v2\/types\/page"}],"author":[{"embeddable":true,"href":"https:\/\/bpont.hu\/shop\/index.php\/wp-json\/wp\/v2\/users\/1"}],"replies":[{"embeddable":true,"href":"https:\/\/bpont.hu\/shop\/index.php\/wp-json\/wp\/v2\/comments?post=3453"}],"version-history":[{"count":4,"href":"https:\/\/bpont.hu\/shop\/index.php\/wp-json\/wp\/v2\/pages\/3453\/revisions"}],"predecessor-version":[{"id":3467,"href":"https:\/\/bpont.hu\/shop\/index.php\/wp-json\/wp\/v2\/pages\/3453\/revisions\/3467"}],"wp:attachment":[{"href":"https:\/\/bpont.hu\/shop\/index.php\/wp-json\/wp\/v2\/media?parent=3453"}],"curies":[{"name":"wp","href":"https:\/\/api.w.org\/{rel}","templated":true}]}}