{"id":25,"date":"2025-06-16T12:58:30","date_gmt":"2025-06-16T12:58:30","guid":{"rendered":"https:\/\/bpont.shop.hu\/index.php\/cart\/"},"modified":"2025-06-19T13:42:31","modified_gmt":"2025-06-19T13:42:31","slug":"cart","status":"publish","type":"page","link":"https:\/\/bpont.hu\/shop\/index.php\/cart\/","title":{"rendered":"Kos\u00e1r"},"content":{"rendered":"\n<div data-block-name=\"woocommerce\/cart\" class=\"wp-block-woocommerce-cart alignwide is-loading\">\n<div data-block-name=\"woocommerce\/filled-cart-block\" class=\"wp-block-woocommerce-filled-cart-block\">\n<div data-block-name=\"woocommerce\/cart-items-block\" class=\"wp-block-woocommerce-cart-items-block\">\n<div data-block-name=\"woocommerce\/cart-line-items-block\" class=\"wp-block-woocommerce-cart-line-items-block\"><\/div>\n\n\n\n<div data-block-name=\"woocommerce\/cart-cross-sells-block\" class=\"wp-block-woocommerce-cart-cross-sells-block\">\n<h2 class=\"wp-block-heading has-large-font-size\">You may be interested in\u2026<\/h2>\n\n\n\n<div data-block-name=\"woocommerce\/cart-cross-sells-products-block\" class=\"wp-block-woocommerce-cart-cross-sells-products-block\"><\/div>\n<\/div>\n<\/div>\n\n\n\n<div data-block-name=\"woocommerce\/cart-totals-block\" class=\"wp-block-woocommerce-cart-totals-block\">\n<div data-block-name=\"woocommerce\/cart-order-summary-block\" class=\"wp-block-woocommerce-cart-order-summary-block\">\n<div data-block-name=\"woocommerce\/cart-order-summary-heading-block\" class=\"wp-block-woocommerce-cart-order-summary-heading-block\"><\/div><div data-block-name=\"woocommerce\/cart-order-summary-coupon-form-block\" class=\"wp-block-woocommerce-cart-order-summary-coupon-form-block\"><\/div><div data-block-name=\"woocommerce\/cart-order-summary-totals-block\" class=\"wp-block-woocommerce-cart-order-summary-totals-block\">\n<div data-block-name=\"woocommerce\/cart-order-summary-subtotal-block\" class=\"wp-block-woocommerce-cart-order-summary-subtotal-block\"><\/div>\n<div data-block-name=\"woocommerce\/cart-order-summary-discount-block\" class=\"wp-block-woocommerce-cart-order-summary-discount-block\"><\/div>\n<div data-block-name=\"woocommerce\/cart-order-summary-fee-block\" class=\"wp-block-woocommerce-cart-order-summary-fee-block\"><\/div>\n<div data-block-name=\"woocommerce\/cart-order-summary-shipping-block\" class=\"wp-block-woocommerce-cart-order-summary-shipping-block\"><\/div>\n<div data-block-name=\"woocommerce\/cart-order-summary-taxes-block\" class=\"wp-block-woocommerce-cart-order-summary-taxes-block\"><\/div><\/div>\n<\/div>\n\n\n\n<div data-block-name=\"woocommerce\/cart-express-payment-block\" class=\"wp-block-woocommerce-cart-express-payment-block\"><\/div>\n\n\n\n<div data-block-name=\"woocommerce\/proceed-to-checkout-block\" class=\"wp-block-woocommerce-proceed-to-checkout-block\"><\/div>\n\n\n\n<div data-block-name=\"woocommerce\/cart-accepted-payment-methods-block\" class=\"wp-block-woocommerce-cart-accepted-payment-methods-block\"><\/div>\n<\/div>\n<\/div>\n\n\n\n<div data-block-name=\"woocommerce\/empty-cart-block\" class=\"wp-block-woocommerce-empty-cart-block\">\n<h2 class=\"wp-block-heading has-text-align-center with-empty-cart-icon wc-block-cart__empty-cart__title\">Your cart is currently empty!<\/h2>\n\n\n\n<hr class=\"wp-block-separator has-alpha-channel-opacity is-style-dots\"\/>\n\n\n\n<h2 class=\"wp-block-heading has-text-align-center\">New in store<\/h2>\n\n\n<div data-block-name=\"woocommerce\/product-new\" data-columns=\"4\" data-rows=\"1\" class=\"wc-block-grid wp-block-product-new wp-block-woocommerce-product-new wc-block-product-new has-4-columns\"><ul class=\"wc-block-grid__products\"><li class=\"wc-block-grid__product\">\n\t\t\t\t<a href=\"https:\/\/bpont.hu\/shop\/index.php\/product\/ds12-12ah-zseles-akkumulator-12v-7ah\/\" class=\"wc-block-grid__product-link\">\n\t\t\t\t\t<div class=\"wc-block-grid__product-onsale\">\n\t\t\t<span aria-hidden=\"true\">Akci\u00f3<\/span>\n\t\t\t<span class=\"screen-reader-text\">Akci\u00f3s term\u00e9k<\/span>\n\t\t<\/div>\n\t\t\t\t\t<div class=\"wc-block-grid__product-image\"><img fetchpriority=\"high\" decoding=\"async\" width=\"300\" height=\"300\" src=\"https:\/\/bpont.hu\/shop\/wp-content\/uploads\/2026\/03\/ds12-7AH-300x300.png\" class=\"attachment-woocommerce_thumbnail size-woocommerce_thumbnail\" alt=\"DS12-12AH &lt;br&gt;Zsel\u00e9s akkumul\u00e1tor 12V\/7AH\" srcset=\"https:\/\/bpont.hu\/shop\/wp-content\/uploads\/2026\/03\/ds12-7AH-300x300.png 300w, https:\/\/bpont.hu\/shop\/wp-content\/uploads\/2026\/03\/ds12-7AH-150x150.png 150w, https:\/\/bpont.hu\/shop\/wp-content\/uploads\/2026\/03\/ds12-7AH-100x100.png 100w, https:\/\/bpont.hu\/shop\/wp-content\/uploads\/2026\/03\/ds12-7AH-536x536.png 536w, https:\/\/bpont.hu\/shop\/wp-content\/uploads\/2026\/03\/ds12-7AH-268x268.png 268w, https:\/\/bpont.hu\/shop\/wp-content\/uploads\/2026\/03\/ds12-7AH-458x458.png 458w, https:\/\/bpont.hu\/shop\/wp-content\/uploads\/2026\/03\/ds12-7AH-365x365.png 365w\" sizes=\"(max-width: 300px) 100vw, 300px\" \/><\/div>\n\t\t\t\t\t<div class=\"wc-block-grid__product-title\">DS12-12AH <br>Zsel\u00e9s akkumul\u00e1tor 12V\/7AH<\/div>\n\t\t\t\t<\/a>\n\t\t\t\t<div class=\"wc-block-grid__product-price price\"><del aria-hidden=\"true\"><span class=\"woocommerce-Price-amount amount\"><bdi>5 988&nbsp;<span class=\"woocommerce-Price-currencySymbol\">&#070;&#116;<\/span><\/bdi><\/span><\/del> <span class=\"screen-reader-text\">Original price was: 5 988&nbsp;&#070;&#116;.<\/span><ins aria-hidden=\"true\"><span class=\"woocommerce-Price-amount amount\"><bdi>4 740&nbsp;<span class=\"woocommerce-Price-currencySymbol\">&#070;&#116;<\/span><\/bdi><\/span><\/ins><span class=\"screen-reader-text\">Current price is: 4 740&nbsp;&#070;&#116;.<\/span><\/div>\n\t\t\t\t\n\t\t\t\t<div class=\"wp-block-button wc-block-grid__product-add-to-cart\"><a href=\"\/shop\/index.php\/wp-json\/wp\/v2\/pages\/25?add-to-cart=9885\" aria-label=\"Kos\u00e1rba: &ldquo;DS12-12AH &lt;br&gt;Zsel\u00e9s akkumul\u00e1tor 12V\/7AH&rdquo;\" data-quantity=\"1\" data-product_id=\"9885\" data-product_sku=\"\" data-price=\"4740\" rel=\"nofollow\" class=\"wp-block-button__link  add_to_cart_button ajax_add_to_cart\">Kos\u00e1rba teszem<\/a><\/div>\n\t\t\t<\/li><li class=\"wc-block-grid__product\">\n\t\t\t\t<a href=\"https:\/\/bpont.hu\/shop\/index.php\/product\/mvs-mw-4dmonitor-fal-licence-4-monitorhoz\/\" class=\"wc-block-grid__product-link\">\n\t\t\t\t\t\n\t\t\t\t\t<div class=\"wc-block-grid__product-image\"><img decoding=\"async\" width=\"300\" height=\"300\" src=\"https:\/\/bpont.hu\/shop\/wp-content\/uploads\/2025\/09\/Internet-300x300.png\" class=\"attachment-woocommerce_thumbnail size-woocommerce_thumbnail\" alt=\"MVS-MW-4D&lt;br&gt;Monitor-fal licence 4 monitorhoz\" srcset=\"https:\/\/bpont.hu\/shop\/wp-content\/uploads\/2025\/09\/Internet-300x300.png 300w, https:\/\/bpont.hu\/shop\/wp-content\/uploads\/2025\/09\/Internet-150x150.png 150w, https:\/\/bpont.hu\/shop\/wp-content\/uploads\/2025\/09\/Internet-768x768.png 768w, https:\/\/bpont.hu\/shop\/wp-content\/uploads\/2025\/09\/Internet-600x600.png 600w, https:\/\/bpont.hu\/shop\/wp-content\/uploads\/2025\/09\/Internet-100x100.png 100w, https:\/\/bpont.hu\/shop\/wp-content\/uploads\/2025\/09\/Internet-536x536.png 536w, https:\/\/bpont.hu\/shop\/wp-content\/uploads\/2025\/09\/Internet-268x268.png 268w, https:\/\/bpont.hu\/shop\/wp-content\/uploads\/2025\/09\/Internet-458x458.png 458w, https:\/\/bpont.hu\/shop\/wp-content\/uploads\/2025\/09\/Internet-730x730.png 730w, https:\/\/bpont.hu\/shop\/wp-content\/uploads\/2025\/09\/Internet-365x365.png 365w, https:\/\/bpont.hu\/shop\/wp-content\/uploads\/2025\/09\/Internet.png 800w\" sizes=\"(max-width: 300px) 100vw, 300px\" \/><\/div>\n\t\t\t\t\t<div class=\"wc-block-grid__product-title\">MVS-MW-4D<br>Monitor-fal licence 4 monitorhoz<\/div>\n\t\t\t\t<\/a>\n\t\t\t\t<div class=\"wc-block-grid__product-price price\"><span class=\"woocommerce-Price-amount amount\"><bdi>1 086 960&nbsp;<span class=\"woocommerce-Price-currencySymbol\">&#070;&#116;<\/span><\/bdi><\/span><\/div>\n\t\t\t\t\n\t\t\t\t<div class=\"wp-block-button wc-block-grid__product-add-to-cart\"><a href=\"\/shop\/index.php\/wp-json\/wp\/v2\/pages\/25?add-to-cart=9674\" aria-label=\"Kos\u00e1rba: &ldquo;MVS-MW-4D&lt;br&gt;Monitor-fal licence 4 monitorhoz&rdquo;\" data-quantity=\"1\" data-product_id=\"9674\" data-product_sku=\"MVS-MW-4D\" data-price=\"1086960\" rel=\"nofollow\" class=\"wp-block-button__link  add_to_cart_button ajax_add_to_cart\">Kos\u00e1rba teszem<\/a><\/div>\n\t\t\t<\/li><li class=\"wc-block-grid__product\">\n\t\t\t\t<a href=\"https:\/\/bpont.hu\/shop\/index.php\/product\/mvs-mw-2dmonitor-fal-licence-2-monitorhoz\/\" class=\"wc-block-grid__product-link\">\n\t\t\t\t\t\n\t\t\t\t\t<div class=\"wc-block-grid__product-image\"><img decoding=\"async\" width=\"300\" height=\"300\" src=\"https:\/\/bpont.hu\/shop\/wp-content\/uploads\/2025\/09\/Internet-300x300.png\" class=\"attachment-woocommerce_thumbnail size-woocommerce_thumbnail\" alt=\"MVS-MW-2D&lt;br&gt;Monitor-fal licence 2 monitorhoz\" srcset=\"https:\/\/bpont.hu\/shop\/wp-content\/uploads\/2025\/09\/Internet-300x300.png 300w, https:\/\/bpont.hu\/shop\/wp-content\/uploads\/2025\/09\/Internet-150x150.png 150w, https:\/\/bpont.hu\/shop\/wp-content\/uploads\/2025\/09\/Internet-768x768.png 768w, https:\/\/bpont.hu\/shop\/wp-content\/uploads\/2025\/09\/Internet-600x600.png 600w, https:\/\/bpont.hu\/shop\/wp-content\/uploads\/2025\/09\/Internet-100x100.png 100w, https:\/\/bpont.hu\/shop\/wp-content\/uploads\/2025\/09\/Internet-536x536.png 536w, https:\/\/bpont.hu\/shop\/wp-content\/uploads\/2025\/09\/Internet-268x268.png 268w, https:\/\/bpont.hu\/shop\/wp-content\/uploads\/2025\/09\/Internet-458x458.png 458w, https:\/\/bpont.hu\/shop\/wp-content\/uploads\/2025\/09\/Internet-730x730.png 730w, https:\/\/bpont.hu\/shop\/wp-content\/uploads\/2025\/09\/Internet-365x365.png 365w, https:\/\/bpont.hu\/shop\/wp-content\/uploads\/2025\/09\/Internet.png 800w\" sizes=\"(max-width: 300px) 100vw, 300px\" \/><\/div>\n\t\t\t\t\t<div class=\"wc-block-grid__product-title\">MVS-MW-2D<br>Monitor-fal licence 2 monitorhoz<\/div>\n\t\t\t\t<\/a>\n\t\t\t\t<div class=\"wc-block-grid__product-price price\"><span class=\"woocommerce-Price-amount amount\"><bdi>570 650&nbsp;<span class=\"woocommerce-Price-currencySymbol\">&#070;&#116;<\/span><\/bdi><\/span><\/div>\n\t\t\t\t\n\t\t\t\t<div class=\"wp-block-button wc-block-grid__product-add-to-cart\"><a href=\"\/shop\/index.php\/wp-json\/wp\/v2\/pages\/25?add-to-cart=9673\" aria-label=\"Kos\u00e1rba: &ldquo;MVS-MW-2D&lt;br&gt;Monitor-fal licence 2 monitorhoz&rdquo;\" data-quantity=\"1\" data-product_id=\"9673\" data-product_sku=\"MVS-MW-2D\" data-price=\"570650\" rel=\"nofollow\" class=\"wp-block-button__link  add_to_cart_button ajax_add_to_cart\">Kos\u00e1rba teszem<\/a><\/div>\n\t\t\t<\/li><li class=\"wc-block-grid__product\">\n\t\t\t\t<a href=\"https:\/\/bpont.hu\/shop\/index.php\/product\/nda-6090-pmaoszlopra-szerelheto-adapter-ndp6xx-hez\/\" class=\"wc-block-grid__product-link\">\n\t\t\t\t\t\n\t\t\t\t\t<div class=\"wc-block-grid__product-image\"><img loading=\"lazy\" decoding=\"async\" width=\"300\" height=\"300\" src=\"https:\/\/bpont.hu\/shop\/wp-content\/uploads\/2025\/10\/NDA-6090-PMA-300x300.png\" class=\"attachment-woocommerce_thumbnail size-woocommerce_thumbnail\" alt=\"NDA-6090-PMA&lt;br&gt;Oszlopra szerelhet\u0151 adapter NDP6xx-hez\" srcset=\"https:\/\/bpont.hu\/shop\/wp-content\/uploads\/2025\/10\/NDA-6090-PMA-300x300.png 300w, https:\/\/bpont.hu\/shop\/wp-content\/uploads\/2025\/10\/NDA-6090-PMA-150x150.png 150w, https:\/\/bpont.hu\/shop\/wp-content\/uploads\/2025\/10\/NDA-6090-PMA-768x768.png 768w, https:\/\/bpont.hu\/shop\/wp-content\/uploads\/2025\/10\/NDA-6090-PMA-600x600.png 600w, https:\/\/bpont.hu\/shop\/wp-content\/uploads\/2025\/10\/NDA-6090-PMA-100x100.png 100w, https:\/\/bpont.hu\/shop\/wp-content\/uploads\/2025\/10\/NDA-6090-PMA-536x536.png 536w, https:\/\/bpont.hu\/shop\/wp-content\/uploads\/2025\/10\/NDA-6090-PMA-268x268.png 268w, https:\/\/bpont.hu\/shop\/wp-content\/uploads\/2025\/10\/NDA-6090-PMA-458x458.png 458w, https:\/\/bpont.hu\/shop\/wp-content\/uploads\/2025\/10\/NDA-6090-PMA-730x730.png 730w, https:\/\/bpont.hu\/shop\/wp-content\/uploads\/2025\/10\/NDA-6090-PMA-365x365.png 365w, https:\/\/bpont.hu\/shop\/wp-content\/uploads\/2025\/10\/NDA-6090-PMA.png 800w\" sizes=\"(max-width: 300px) 100vw, 300px\" \/><\/div>\n\t\t\t\t\t<div class=\"wc-block-grid__product-title\">NDA-6090-PMA<br>Oszlopra szerelhet\u0151 adapter NDP6xx-hez<\/div>\n\t\t\t\t<\/a>\n\t\t\t\t<div class=\"wc-block-grid__product-price price\"><span class=\"woocommerce-Price-amount amount\"><bdi>55 140&nbsp;<span class=\"woocommerce-Price-currencySymbol\">&#070;&#116;<\/span><\/bdi><\/span><\/div>\n\t\t\t\t\n\t\t\t\t<div class=\"wp-block-button wc-block-grid__product-add-to-cart\"><a href=\"\/shop\/index.php\/wp-json\/wp\/v2\/pages\/25?add-to-cart=9672\" aria-label=\"Kos\u00e1rba: &ldquo;NDA-6090-PMA&lt;br&gt;Oszlopra szerelhet\u0151 adapter NDP6xx-hez&rdquo;\" data-quantity=\"1\" data-product_id=\"9672\" data-product_sku=\"NDA-6090-PMA\" data-price=\"55140\" rel=\"nofollow\" class=\"wp-block-button__link  add_to_cart_button ajax_add_to_cart\">Kos\u00e1rba teszem<\/a><\/div>\n\t\t\t<\/li><\/ul><\/div><\/div>\n<\/div>\n","protected":false},"excerpt":{"rendered":"","protected":false},"author":1,"featured_media":0,"parent":0,"menu_order":0,"comment_status":"closed","ping_status":"closed","template":"","meta":{"footnotes":""},"class_list":["post-25","page","type-page","status-publish","hentry"],"jetpack_sharing_enabled":true,"_links":{"self":[{"href":"https:\/\/bpont.hu\/shop\/index.php\/wp-json\/wp\/v2\/pages\/25","targetHints":{"allow":["GET"]}}],"collection":[{"href":"https:\/\/bpont.hu\/shop\/index.php\/wp-json\/wp\/v2\/pages"}],"about":[{"href":"https:\/\/bpont.hu\/shop\/index.php\/wp-json\/wp\/v2\/types\/page"}],"author":[{"embeddable":true,"href":"https:\/\/bpont.hu\/shop\/index.php\/wp-json\/wp\/v2\/users\/1"}],"replies":[{"embeddable":true,"href":"https:\/\/bpont.hu\/shop\/index.php\/wp-json\/wp\/v2\/comments?post=25"}],"version-history":[{"count":2,"href":"https:\/\/bpont.hu\/shop\/index.php\/wp-json\/wp\/v2\/pages\/25\/revisions"}],"predecessor-version":[{"id":244,"href":"https:\/\/bpont.hu\/shop\/index.php\/wp-json\/wp\/v2\/pages\/25\/revisions\/244"}],"wp:attachment":[{"href":"https:\/\/bpont.hu\/shop\/index.php\/wp-json\/wp\/v2\/media?parent=25"}],"curies":[{"name":"wp","href":"https:\/\/api.w.org\/{rel}","templated":true}]}}