{"id":215,"date":"2025-06-19T13:16:23","date_gmt":"2025-06-19T13:16:23","guid":{"rendered":"https:\/\/bpont.shop.hu\/?page_id=215"},"modified":"2026-03-03T20:24:15","modified_gmt":"2026-03-03T18:24:15","slug":"tamogatas","status":"publish","type":"page","link":"https:\/\/bpont.hu\/shop\/index.php\/tamogatas\/","title":{"rendered":"T\u00e1mogat\u00e1s"},"content":{"rendered":"\t\t<div data-elementor-type=\"wp-page\" data-elementor-id=\"215\" class=\"elementor elementor-215\">\n\t\t\t\t<div class=\"elementor-element elementor-element-cafa36b e-grid e-con-boxed e-con e-parent\" data-id=\"cafa36b\" data-element_type=\"container\" data-e-type=\"container\">\n\t\t\t\t\t<div class=\"e-con-inner\">\n\t\t\t\t<div class=\"elementor-element elementor-element-5f642bc elementor-widget elementor-widget-image\" data-id=\"5f642bc\" data-element_type=\"widget\" data-e-type=\"widget\" data-widget_type=\"image.default\">\n\t\t\t\t<div class=\"elementor-widget-container\">\n\t\t\t\t\t\t\t\t\t\t\t\t<figure class=\"wp-caption\">\n\t\t\t\t\t\t\t\t\t\t\t<a href=\"https:\/\/bpont.hu\/shop\/index.php\/szerviz\/\">\n\t\t\t\t\t\t\t<img fetchpriority=\"high\" decoding=\"async\" width=\"1024\" height=\"399\" src=\"https:\/\/bpont.hu\/shop\/wp-content\/uploads\/2025\/06\/szerviz2-1024x399.png\" class=\"attachment-large size-large wp-image-319\" alt=\"\" srcset=\"https:\/\/bpont.hu\/shop\/wp-content\/uploads\/2025\/06\/szerviz2-1024x399.png 1024w, https:\/\/bpont.hu\/shop\/wp-content\/uploads\/2025\/06\/szerviz2-300x117.png 300w, https:\/\/bpont.hu\/shop\/wp-content\/uploads\/2025\/06\/szerviz2-768x299.png 768w, https:\/\/bpont.hu\/shop\/wp-content\/uploads\/2025\/06\/szerviz2-600x234.png 600w, https:\/\/bpont.hu\/shop\/wp-content\/uploads\/2025\/06\/szerviz2.png 1279w\" sizes=\"(max-width: 1024px) 100vw, 1024px\" \/>\t\t\t\t\t\t\t\t<\/a>\n\t\t\t\t\t\t\t\t\t\t\t<figcaption class=\"widget-image-caption wp-caption-text\">Garanci\u00e1lis \u00e9s garanci\u00e1n t\u00fali szerv\u00edz<\/figcaption>\n\t\t\t\t\t\t\t\t\t\t<\/figure>\n\t\t\t\t\t\t\t\t\t<\/div>\n\t\t\t\t<\/div>\n\t\t\t\t<div class=\"elementor-element elementor-element-6d7daff elementor-widget elementor-widget-image\" data-id=\"6d7daff\" data-element_type=\"widget\" data-e-type=\"widget\" data-widget_type=\"image.default\">\n\t\t\t\t<div class=\"elementor-widget-container\">\n\t\t\t\t\t\t\t\t\t\t\t\t<figure class=\"wp-caption\">\n\t\t\t\t\t\t\t\t\t\t\t<a href=\"https:\/\/bpont.hu\/shop\/index.php\/programok\/\">\n\t\t\t\t\t\t\t<img decoding=\"async\" width=\"800\" height=\"800\" src=\"https:\/\/bpont.hu\/shop\/wp-content\/uploads\/2026\/03\/Software_8x8.png\" class=\"attachment-large size-large wp-image-9853\" alt=\"\" srcset=\"https:\/\/bpont.hu\/shop\/wp-content\/uploads\/2026\/03\/Software_8x8.png 800w, https:\/\/bpont.hu\/shop\/wp-content\/uploads\/2026\/03\/Software_8x8-300x300.png 300w, https:\/\/bpont.hu\/shop\/wp-content\/uploads\/2026\/03\/Software_8x8-150x150.png 150w, https:\/\/bpont.hu\/shop\/wp-content\/uploads\/2026\/03\/Software_8x8-768x768.png 768w, https:\/\/bpont.hu\/shop\/wp-content\/uploads\/2026\/03\/Software_8x8-600x600.png 600w, https:\/\/bpont.hu\/shop\/wp-content\/uploads\/2026\/03\/Software_8x8-100x100.png 100w\" sizes=\"(max-width: 800px) 100vw, 800px\" \/>\t\t\t\t\t\t\t\t<\/a>\n\t\t\t\t\t\t\t\t\t\t\t<figcaption class=\"widget-image-caption wp-caption-text\">Szoftverek<\/figcaption>\n\t\t\t\t\t\t\t\t\t\t<\/figure>\n\t\t\t\t\t\t\t\t\t<\/div>\n\t\t\t\t<\/div>\n\t\t\t\t\t<\/div>\n\t\t\t\t<\/div>\n\t\t\t\t<\/div>\n\t\t","protected":false},"excerpt":{"rendered":"<p>Garanci\u00e1lis \u00e9s garanci\u00e1n t\u00fali szerv\u00edz Szoftverek<\/p>\n","protected":false},"author":1,"featured_media":0,"parent":0,"menu_order":0,"comment_status":"closed","ping_status":"closed","template":"","meta":{"footnotes":""},"class_list":["post-215","page","type-page","status-publish","hentry"],"jetpack_sharing_enabled":true,"_links":{"self":[{"href":"https:\/\/bpont.hu\/shop\/index.php\/wp-json\/wp\/v2\/pages\/215","targetHints":{"allow":["GET"]}}],"collection":[{"href":"https:\/\/bpont.hu\/shop\/index.php\/wp-json\/wp\/v2\/pages"}],"about":[{"href":"https:\/\/bpont.hu\/shop\/index.php\/wp-json\/wp\/v2\/types\/page"}],"author":[{"embeddable":true,"href":"https:\/\/bpont.hu\/shop\/index.php\/wp-json\/wp\/v2\/users\/1"}],"replies":[{"embeddable":true,"href":"https:\/\/bpont.hu\/shop\/index.php\/wp-json\/wp\/v2\/comments?post=215"}],"version-history":[{"count":19,"href":"https:\/\/bpont.hu\/shop\/index.php\/wp-json\/wp\/v2\/pages\/215\/revisions"}],"predecessor-version":[{"id":9874,"href":"https:\/\/bpont.hu\/shop\/index.php\/wp-json\/wp\/v2\/pages\/215\/revisions\/9874"}],"wp:attachment":[{"href":"https:\/\/bpont.hu\/shop\/index.php\/wp-json\/wp\/v2\/media?parent=215"}],"curies":[{"name":"wp","href":"https:\/\/api.w.org\/{rel}","templated":true}]}}